 highest common divisor of 1068606 and 99?
99
What is the greatest common factor of 5232 and 12624?
48
Calculate the highest common factor of 25434 and 1256.
314
What is the greatest common factor of 261775 and 3700?
925
Calculate the highest common factor of 43 and 3811993.
43
Calculate the highest common divisor of 23218 and 23.
1
Calculate the highest common factor of 772 and 330802.
386
What is the highest common factor of 306 and 68646?
102
Calculate the highest common factor of 48 and 1011944.
8
Calculate the highest common divisor of 57 and 228.
57
Calculate the greatest common divisor of 846 and 17860.
94
What is the highest common factor of 529280 and 2560?
640
Calculate the highest common divisor of 2529 and 207659.
281
What is the greatest common divisor of 168 and 158312?
56
Calculate the highest common divisor of 125 and 56675.
25
What is the highest common divisor of 115 and 138920?
115
What is the highest common factor of 8568 and 792?
72
Calculate the greatest common factor of 46 and 550574.
46
Calculate the greatest common factor of 2306486 and 364.
182
Calculate the greatest common divisor of 4337168 and 1254.
418
What is the greatest common divisor of 376 and 4465?
47
Calculate the greatest common factor of 1100 and 8261.
11
What is the greatest common factor of 130014 and 44082?
558
What is the highest common divisor of 16 and 87808?
16
What is the highest common divisor of 99403 and 1391?
107
What is the highest common factor of 927 and 1359?
9
What is the highest common factor of 16338 and 2?
2
Calculate the highest common divisor of 44 and 9410434.
22
What is the greatest common factor of 3405291 and 47?
47
What is the greatest common factor of 303 and 1759521?
303
Calculate the greatest common divisor of 12610 and 1885.
65
Calculate the highest common factor of 696 and 7776.
24
What is the highest common divisor of 23672 and 2519?
11
Calculate the highest common divisor of 18 and 9086778.
18
Calculate the greatest common divisor of 249 and 267.
3
Calculate the highest common factor of 779454 and 126.
18
What is the greatest common divisor of 8 and 32392?
8
Calculate the greatest common factor of 9 and 26016.
3
What is the greatest common factor of 2025 and 1075?
25
What is the greatest common factor of 286 and 459118?
22
Calculate the greatest common factor of 4828 and 1775.
71
Calculate the highest common factor of 209 and 4499.
11
Calculate the greatest common factor of 1662316 and 5024.
628
What is the highest common divisor of 256689 and 1296?
81
What is the greatest common factor of 175 and 5495?
35
What is the greatest common factor of 459 and 2703?
51
What is the highest common divisor of 5 and 253415?
5
Calculate the highest common factor of 522 and 4416381.
261
What is the highest common factor of 2518611 and 356?
89
Calculate the greatest common factor of 318 and 126723.
159
What is the greatest common factor of 294 and 14665?
7
What is the highest common divisor of 153 and 1343799?
153
What is the highest common divisor of 345 and 750?
15
What is the greatest common divisor of 88820 and 15?
5
What is the greatest common divisor of 494 and 39273?
247
What is the greatest common factor of 5995 and 1545511?
1199
Calculate the greatest common factor of 498 and 33034.
166
Calculate the highest common factor of 452 and 4745548.
452
Calculate the highest common divisor of 4343 and 10363.
43
What is the highest common divisor of 132 and 106095?
33
What is the greatest common factor of 227770 and 30?
10
What is the greatest common factor of 299478 and 37?
37
What is the greatest common divisor of 224 and 1059016?
56
What is the greatest common factor of 2275 and 99575?
175
Calculate the greatest common factor of 19478 and 164.
2
Calculate the highest common divisor of 8727 and 24.
3
What is the highest common factor of 640 and 27020?
20
Calculate the greatest common factor of 14882 and 518.
14
What is the greatest common factor of 9148943 and 97?
97
Calculate the greatest common factor of 5183 and 3139.
73
What is the greatest common factor of 13 and 5787938?
13
What is the greatest common divisor of 7344 and 1728?
432
Calculate the highest common divisor of 9745 and 220.
5
Calculate the highest common divisor of 23 and 374440.
23
What is the highest common divisor of 6 and 574386?
6
What is the greatest common divisor of 465 and 363?
3
What is the highest common factor of 241418 and 16?
2
What is the greatest common factor of 540 and 24660?
180
Calculate the greatest common factor of 415 and 698.
1
What is the highest common factor of 19456 and 384?
128
What is the greatest common divisor of 620242 and 196?
98
Calculate the greatest common divisor of 80355 and 1155.
165
What is the highest common factor of 1215478 and 44?
22
What is the greatest common divisor of 116215 and 22?
11
What is the greatest common divisor of 160 and 10436800?
160
What is the highest common divisor of 68090 and 209?
11
Calculate the highest common factor of 5572 and 343076.
796
What is the highest common factor of 46 and 3424838?
46
What is the highest common factor of 2581 and 15931?
89
Calculate the highest common divisor of 6 and 80606.
2
Calculate the highest common divisor of 727996 and 1804.
164
Calculate the highest common divisor of 66 and 10923.
33
Calculate the highest common divisor of 780 and 83070.
390
What is the highest common divisor of 2299 and 589?
19
What is the greatest common divisor of 171 and 75069?
171
What is the greatest common divisor of 398 and 2754?
2
What is the greatest common factor of 290 and 103211?
29
What is the greatest common factor of 556 and 360149?
139
Calculate the greatest common factor of 10621 and 7904.
247
Calculate the greatest common factor of 9 and 107898.
3
Calculate the highest common divisor of 39261 and 138.
69
What is the greatest common divisor of 245 and 197995?
35
What is the greatest common divisor of 44284 and 12?
4
Calculate the highest common divisor of 152 and 645924.
76
What is the greatest common divisor of 388315 and 185?
185
What is the greatest common factor of 2980 and 161516?
596
What is the greatest common divisor of 49724 and 372?
124
What is the highest common factor of 2706913 and 11?
11
What is the greatest common divisor of 5364 and 4608?
36
What is the greatest common factor of 645710 and 390?
130
Calculate the greatest common factor of 2210 and 4080.
170
What is the greatest common factor of 13 and 1331356?
13
What is the highest common factor of 230987 and 1313?
101
Calculate the greatest common divisor of 2134 and 8008.
22
Calculate the greatest common factor of 45012 and 24.
12
Calculate the highest common divisor of 612 and 1436092.
68
What is the highest common divisor of 524145 and 3320?
415
Calculate the highest common divisor of 851 and 667.
23
What is the highest common divisor of 88 and 380216?
8
What is the greatest common divisor of 39117 and 354?
177
What is the highest common factor of 23048 and 1806?
86
Calculate the highest common factor of 17940 and 24960.
780
Calculate the greatest common divisor of 50888 and 8.
8
Calculate the greatest common factor of 1500 and 432300.
300
What is the greatest common divisor of 69 and 3207?
3
Calculate the greatest common divisor of 11533 and 1805.
19
Calculate the greatest common divisor of 15538 and 247694.
914
What is the greatest common divisor of 49623 and 6426?
357
What is the highest common factor of 84320 and 425?
85
Calculate the highest common factor of 95499 and 2751.
393
Calculate the highest common divisor of 3501 and 198.
9
Calculate the highest common factor of 798590 and 390.
130
Calculate the greatest common factor of 13410 and 225.
45
What is the greatest common factor of 12 and 91992?
12
What is the highest common divisor of 366 and 106994?
122
What is the highest common factor of 1210 and 1010?
10
What is the highest common factor of 44 and 2167?
11
Calculate the greatest common factor of 4066 and 8.
2
Calculate the greatest common factor of 3 and 3057.
3
What is the highest common divisor of 32142 and 66?
66
What is the highest common factor of 28 and 62069?
7
What is the greatest common factor of 2015 and 5876?
13
What is the greatest common divisor of 99102 and 90346?
398
Calculate the